at is the highest common divisor of c and 56?
7
Let f be 3*-7*(-5 + 4). Calculate the highest common factor of f and 231.
21
Let v(z) be the second derivative of z**4/12 + 5*z**3/6 + 3*z**2/2 - z. Let b be v(-5). Suppose -s + b*s = 66. What is the greatest common divisor of 22 and s?
11
Suppose -7*l = 3*m - 2*l - 156, l - 3 = 0. What is the highest common factor of 94 and m?
47
Let x = -1 + 24. Calculate the highest common divisor of x and 115.
23
Let k be 2/6 + 588/18*1. Let z(v) = v**3 + 6*v**2 - 3*v - 7. Let b be z(-6). Calculate the highest common divisor of k and b.
11
Suppose 108 = 2*g - 6. What is the highest common factor of 38 and g?
19
Let o = 18 - 15. Suppose 15 = r - o*y, -4*r - 2*y - 1 = -5. What is the greatest common divisor of r and 3?
3
Let m(r) = r**3 - 2*r**2 + 2*r - 3. Let c be m(2). Let y be 14 + 1*(-2)/c. What is the highest common factor of 96 and y?
12
Suppose 16 = 4*z - f, -2*z = 2*z + 2*f - 16. Suppose r - 3*y = 14, 52 = r + z*r + 3*y. Let d = 17 - 6. What is the highest common factor of r and d?
11
Let w = 15 - 5. Let i = w + 1. Let y(c) = -c**3 - 18*c**2 + 16*c - 46. Let q be y(-19). What is the greatest common divisor of i and q?
11
Let s be (7 + -2)*1/1. Suppose -5*y - s = -600. Calculate the greatest common factor of 17 and y.
17
Let n = -34 - -49. Let y = 15 + -11. Suppose -r + 6 = -y*r, -20 = -2*o + 5*r. What is the highest common divisor of o and n?
5
Let f be 0 + 0 + -1 + 10. Let x(t) = -t**3 + 3*t**2 + 4. Let m be x(3). Suppose o - 13 = -m*q - 1, 5*o + f = 3*q. What is the highest common factor of 3 and q?
3
Suppose 3*q + q + 1268 = 0. Let o be q/(-7) - 18/63. Suppose s = 14 + 1. Calculate the greatest common factor of o and s.
15
Suppose 4*v = -a + v + 12, 5*a - 82 = -4*v. Suppose 0 = j - 17 - 19. What is the greatest common factor of a and j?
18
Suppose -3*z - v + 56 = -z, 3*z - 4*v = 84. What is the greatest common factor of 70 and z?
14
Suppose 0*v + 101 = -v. Let p(q) = -q**2 - 8*q - 1. Let o be p(-8). Let d be 1 - (-2 - v/o). What is the greatest common divisor of 13 and d?
13
Let r be 42 - 2*(-1 + 2). Let s = r + -29. Calculate the greatest common factor of s and 121.
11
Let u(z) = -z**2 + 14*z + 10. Let n be u(14). What is the highest common factor of 30 and n?
10
Let h be 156/(-8)*4/(-6). What is the greatest common factor of 52 and h?
13
Suppose -2*b + 50 = -10. Calculate the greatest common divisor of 30 and b.
30
Let j(u) = 2*u**2 + 3*u + 10. Let m(h) = -3*h**2 - 4*h - 15. Let p(o) = 8*j(o) + 5*m(o). Let d be p(-4). What is the highest common factor of 35 and d?
5
Suppose -4*t - 5*u = -9 - 28, -5 = -5*t + 2*u. Suppose h - 6*h - 27 = -t*g, 54 = 3*g + 4*h. Let c = -1 + g. What is the greatest common factor of 52 and c?
13
Let l = -3 + 3. Suppose l = -0*a + 2*a - 72. Let k be 5 - -2*2/(-4). What is the highest common factor of a and k?
4
Let a be ((-1350)/40)/((-1)/4). What is the greatest common divisor of a and 54?
27
Let d be (-4)/(48/(-189)) + (-5)/(-20). What is the highest common factor of d and 160?
16
Suppose -2*p + 15 - 3 = 0. Calculate the highest common divisor of p and 16.
2
Suppose -38 = -5*f - 8. Suppose 3*g - 7*g = -36. What is the greatest common divisor of g and f?
3
Let r be -3*(-2)/(1 + 1). Suppose r = 3*g, -g - 16 = -5*s - 2. Suppose 3*d + 0*d = -a + 9, 5*a - 9 = -s*d. What is the highest common factor of 2 and d?
1
Suppose 3*k - 12 = 3. Let s(w) = 6*w + 1 + 11*w**2 + 15*w**2 - 4*w - 10*w**2. Let x be s(-1). Calculate the highest common divisor of k and x.
5
Suppose 0 = -z + 6*z - 60. Suppose 8*x + 60 = z*x. What is the highest common factor of x and 10?
5
Let m = 0 - -3. Suppose -m*f - 8 = -7*f. Calculate the greatest common factor of 1 and f.
1
Let o be (-156)/(-4) + 1 - -2. Calculate the highest common factor of o and 28.
14
Suppose -2*l + 6 = -0*l. Let z(f) = 2*f**3 - 3*f**2 - f - 1 - f**3 + 2*f**2. Let w be z(l). Calculate the greatest common factor of w and 126.
14
Let g be 12/10*(-31 + 101). What is the highest common factor of g and 126?
42
Suppose 4*n + n = 60. Let a = 44 - 30. Let o be a/(2 - 0) + -1. Calculate the greatest common factor of n and o.
6
Let l be ((-6)/(-4))/(2/4). Let i(h) = 4*h - 9*h + l - 2. Let q be i(-1). Calculate the greatest common factor of q and 18.
6
Suppose -w + 31 = 2. Let t be 2/(-8) - w/(-4). Let s(r) = 20*r**2 + 2*r + 1. Let o be s(-2). What is the highest common factor of o and t?
7
Suppose 0 = 3*l - 0*l - 75. Suppose 2*b + 2*b - 22 = -2*u, u = 4*b - l. Let i = -111 + 177. Calculate the highest common divisor of b and i.
6
Let p = 148 - 12. Suppose -p = -3*a - 10. What is the greatest common factor of a and 28?
14
Let g(q) = 143*q**2 - q. Let y be g(-1). Suppose -5*d = -3*d - 36. What is the highest common factor of d and y?
18
Suppose -59 = -4*o + 17. Calculate the greatest common factor of 133 and o.
19
Let y be (-4)/((-1)/(-9)*(-12)/16). Calculate the greatest common divisor of 6 and y.
6
Suppose 0 = -17*s + 11*s + 1386. What is the highest common divisor of s and 21?
21
Let q(g) be the second derivative of 5*g**4/12 + g**3/2 + 3*g**2/2 - 3*g. Let s be q(-2). What is the greatest common factor of s and 187?
17
Suppose -4*r = -0*r. Suppose -3*f - 5*y - 9 = -25, -20 = -5*f - 5*y. Suppose r = -f*q - 0*q + 110. Calculate the greatest common divisor of q and 22.
11
Let a = -88 - -184. Suppose -5*g - 13 + 3 = 0. Let k be (g/5)/(3/(-90)). Calculate the highest common factor of k and a.
12
Let q(m) = 2*m**3 - 5*m**2 + 4*m + 7. Let p be q(3). What is the greatest common factor of 112 and p?
28
Let x be 3308/6 + (-2)/6. Suppose -5*t + x = 201. Calculate the highest common divisor of t and 10.
10
Let z = -16 - -9. Let b be (2 + (-6)/2)*z. Calculate the greatest common divisor of b and 1.
1
Suppose -6 = 2*v - 16. Suppose -5*b - 3*f = 2*f - 55, -25 = -v*b + f. Let n be 15/b - (-3)/(-2). What is the highest common divisor of 3 and n?
1
Let n = 16 - 11. What is the highest common factor of n and 40?
5
Let d = 5 + 3. Calculate the greatest common factor of 20 and d.
4
Let k = 61 - 43. What is the greatest common divisor of 27 and k?
9
Suppose 1 + 3 = x, -4*x = -a - 36. Let h be (a/(-15))/(2/3). Let l be (-3)/(-6) + 143/h. What is the highest common divisor of l and 8?
8
Let k be (-2)/15 + 3630/225. Calculate the greatest common divisor of 2 and k.
2
Let v be (13 + 2)*4/3. Let d = v - 5. Calculate the greatest common divisor of d and 30.
15
Let q(t) = 3*t - 4. Let j be 4 + (-3 - (-4)/2). Let u be q(j). What is the highest common factor of 15 and u?
5
Let l be -93*((-15)/(-9))/(-5). Suppose 5*k - 75 = 5*o, -6 = -5*o - l. Calculate the highest common factor of k and 10.
10
Suppose -h = -4*h + 108. Let v(q) = -q**3 + q**2 - q + 4. Let x be v(0). Calculate the highest common divisor of h and x.
4
Let y(d) = d**3 - 17*d**2 + 22*d - 11. Let j be y(16). Calculate the greatest common factor of 5 and j.
5
Let a be (30/(-9))/((-1)/6). Let p = -7 + 27. What is the highest common divisor of p and a?
20
Let t(l) = 8*l**2 + 8*l - 32. Let g be t(5). What is the highest common factor of 16 and g?
16
Suppose -3*o + 243 = -5*k, 0 = 5*o + 3*k - k - 405. What is the highest common factor of 9 and o?
9
Let y be (-484)/(-11)*2/4. Suppose -t + y = -99. Calculate the highest common divisor of t and 11.
11
Let a(o) = -2*o. Let s be a(-5). Let h = s + -4. Suppose -3*u = 2*u - 90. Calculate the highest common factor of h and u.
6
Let x = 29 + -27. Calculate the greatest common divisor of 8 and x.
2
Suppose q - 3 = -0*q. Suppose 3*r = -0*r - q*k + 33, r - 5*k = 17. Calculate the highest common divisor of 24 and r.
12
Let o(r) = r**3 + 19*r**2 - 3*r - 13. Let i be o(-19). What is the greatest common divisor of i and 4?
4
Let r be 2/(-5) + (-9144)/(-60). Suppose -3*q - r = -416. Calculate the greatest common divisor of q and 8.
8
Let u be -1 - -7 - (23 - 21). Suppose 2*t - u*r + 16 = 60, 4*t - 112 = -4*r. What is the greatest common factor of 65 and t?
13
Suppose 30 = 3*n + z - 2*z, 5*n = -5*z + 70. Calculate the highest common divisor of 88 and n.
11
Let p = 0 - -3. Suppose -3*g = g, -p*g + 40 = 4*l. Let f = 8 + -4. What is the highest common divisor of l and f?
2
Suppose l = 2*l - 9. Let c = 81 - 75. Calculate the greatest common divisor of c and l.
3
Let a be (-46)/207 + (-9